et b be u(6). What is n(b)?
1
Let w be 1*(0 + 1 + 1). Let l(k) = 9 - 2 - 44*k**2 - 7*k - k**3 + 50*k**w. Determine l(5).
-3
Suppose -2*o = -5*y + 36, 0 = -y + 4*o + 7 + 11. Let a(q) = -q**2 + 5*q - 9. Determine a(y).
-15
Let c(b) = -2*b**2 + 5*b - 4. Suppose r + 17 = 5*v, -r + 5*r - 5*v + 8 = 0. Determine c(r).
-7
Let l(y) = -y**3 - 6*y**2 - 12*y - 1. Let m be (-21)/(-6)*(-24)/(-14). Let v(f) = -f**3 - 6*f**2 - 11*f - 1. Let b(w) = m*l(w) - 7*v(w). Calculate b(-5).
1
Let q(l) = l. Let f be q(-5). Let j(c) be the first derivative of c**4/24 + c**3/3 + c**2/2 - 4. Let p(n) be the second derivative of j(n). What is p(f)?
-3
Let t(c) = -2*c + 2. Let k(w) = w**2 + 4*w + 3. Let h(u) = -u - 1. Let x(i) = 4*h(i) - k(i). Let a be x(-6). Calculate t(a).
-8
Let w be 9/2*12/18. Let s(a) = 2*a + 13. Let b(t) = t - 2. Let c be b(6). Let y(l) = l + 6. Let v(o) = c*s(o) - 9*y(o). Give v(w).
-5
Let i = -186 - -184. Let z(k) = k**3 + 1. Let n(m) = 6*m**3 + m**2 + 2*m + 8. Let x(a) = -n(a) + 5*z(a). Calculate x(i).
5
Let a(o) = 20*o**2 - 2*o**2 + 6 - 8*o**2 - 8*o**2 - 10*o. Determine a(6).
18
Let i(h) = h - 1. Let v(a) = 3*a - 6. Let g(r) = -2*i(r) + v(r). Let o(d) = -d**2 - d. Let b be o(-1). Calculate g(b).
-4
Let l(k) = 2*k - 2*k - 1 + 4*k**3 - 2*k. Let b = -2 - -1. What is l(b)?
-3
Suppose -3*f - 1 = 5*k - 2, -3*f + 5 = k. Let y(x) = 3*x**f + 5*x - 3*x**2 - 4 - 2*x**2. Let a be ((-6)/(-5))/(10/25). What is y(a)?
-7
Let b(q) = -q - 5. Let f(l) = -l - 11. Let d(j) = 5*b(j) - 2*f(j). Determine d(-3).
6
Let c(r) be the first derivative of -r**3/3 + 6*r + 22. What is c(0)?
6
Let m(y) = -y**2 + 2*y + 3. Let c = 1 - -4. Let l(v) = -v**2 + 6*v. Let x be l(c). Give m(x).
-12
Let z(j) = j. Suppose 4*w - 5*t = 8*w - 36, -4*t = -3*w + 27. Let c(k) = k**3 - 10*k**2 + 9*k + 3. Let b be c(w). Suppose -b = -2*g - 1. What is z(g)?
1
Let u = -11 - -9. Let z(l) = -l**2 - 2 + 4*l - 3*l + 0 - l**3. Let g be z(u). Let w(m) = -m - 6. What is w(g)?
-6
Let g(q) = -q**3 + 5*q**2 - 9*q - 8. Let u(t) = 2*t**3 - 11*t**2 + 17*t + 5*t**3 - 5*t**3 + 16. Let x(f) = 5*g(f) + 3*u(f). What is x(7)?
1
Suppose -2*a - 24 = 2*a. Let i(y) = 3*y - 1 + 31*y**2 - 6 - 10*y - 32*y**2. Determine i(a).
-1
Let g(s) = 4*s**2 - s + 10. Let f(m) = -m + 2. Let j be f(-3). Let p(h) = 5*h**2 + 11. Let d(u) = j*p(u) - 6*g(u). What is d(-6)?
-5
Let m(r) = 3*r**3 - r**2 - r. Let g be (-4)/(4*3)*3. What is m(g)?
-3
Let g be -3 + (2 - -19)/3. Let n = g - 2. Let v(j) = -2*j**2 + 2*j - 1. What is v(n)?
-5
Let v = -23 + 26. Let f(b) = 0*b + 3 + b + v*b - 2*b. Give f(-5).
-7
Let d(b) = -b. Let x = 8 + -2. Suppose -3*v + x = -v. Suppose -3*k + 0*k = 4*c - 1, -v*c = 4*k - 6. What is d(c)?
2
Let d(q) = 5*q**2 - q**3 - 1 + 6 + 3 - 4*q - 5. Determine d(4).
3
Let d(v) = v**2 + 2*v. Let f be (1 - 4) + -7 + 8. Determine d(f).
0
Let o = -2 + 8. Suppose -14 = 4*r + o. Let k(i) = 4*i - 3. Let u(a) = -a + 1. Let h(c) = 2*k(c) + 10*u(c). Give h(r).
14
Let c = -8 - -5. Let i(f) = 0*f**2 - f**3 + f**2 + 5*f - 2 - 2*f**2 + 5. Give i(c).
6
Let c(y) = y**3 + 6*y**2 + y + 6. Let l be 24 - 35 - 5/(-1). Calculate c(l).
0
Let p(h) be the second derivative of h + 1/2*h**2 + 0 - h**3. What is p(1)?
-5
Let h = -6 + 10. Let z be (-18)/(-14) - h/14. Let y(d) be the second derivative of 5*d**3/6 - 2*d. Determine y(z).
5
Let n(o) = -3*o + 7. Let h(a) = 4*a - 6. Let i(u) = 2*h(u) + 3*n(u). Let x(s) = s**3 + 4*s**2 + 2*s + 1. Let t be x(-3). Calculate i(t).
5
Let m(p) = -5*p**2 - 1. Let s = 7 - 4. Suppose 2*n - s*n = -1. Give m(n).
-6
Let f(r) = -11 + 6 + 3*r**2 - r**3 - r + 6. Calculate f(2).
3
Let s(z) = 0*z**2 - 4*z - 6 - z**2 - 3*z. What is s(-6)?
0
Let n(d) = -3 + 3*d**2 - 5*d**2 + 2*d + 0*d**2. Let g(x) = x + 1. Let h(y) = 7*y + 19. Let w(s) = 6*g(s) - h(s). Let j be w(-15). Calculate n(j).
-7
Let j(u) = -10*u**2 + 2*u + 1. Let k(t) = -3*t**2 + t. Let p be 6/(-33) + 158/22. Let o(y) = p*k(y) - 2*j(y). Calculate o(3).
-2
Let x(i) be the third derivative of -i**6/120 - i**5/60 + i**4/24 + 2*i**3/3 - 13*i**2. What is x(0)?
4
Let x = 22 + -22. Let h(o) = -o**3 + o**2 + o - 2. Give h(x).
-2
Let z(n) = n**3 - 5*n**2 - 8*n + 5. Let q be (2 + -29)/(3/(-6)). Let h be 9/(-12) - q/(-8). Give z(h).
-7
Let l(u) = -2*u**2 - 2*u + 3*u**2 - 85 - 2*u + 82. Give l(4).
-3
Let k(t) be the second derivative of t**7/2520 + t**6/240 - t**5/40 + t**4/12 + 4*t. Let y(j) be the third derivative of k(j). Calculate y(-4).
1
Let z(t) be the second derivative of -t**3/6 + 3*t**2 + 107*t. Suppose 2*a = -0*a + 4*l + 12, -a + 4*l = -12. Determine z(a).
6
Let o(k) = k**3 - 4*k**2 - 7*k + 5. Let i = -11 - -8. Let y(c) = -2*c - 1. Let w be y(i). What is o(w)?
-5
Let n = 1 - 1. Let t(f) = -f + 7. Let s(o) = -o + 7. Let w(c) = -5*s(c) + 4*t(c). Give w(n).
-7
Suppose 3*q - 8 - 1 = 0. Let s(g) = -g**2 + 32*g + 29*g - 55*g - 4. Calculate s(q).
5
Suppose 36 = 13*a - 4*a. Let r(m) = m**2 - 2*m - 2. Give r(a).
6
Let u be (-2)/11 + 8/44. Suppose u = -2*j + j + 2, 2*j - 8 = -m. Let w(s) = -4*s**2 - 12 + 3*s**2 + 4*s + 14. What is w(m)?
2
Let w(d) = d**2 - 7*d - 5. Let y(k) = k**2 - k - 1. Let t(c) = w(c) - 3*y(c). What is t(-3)?
-8
Let p(o) = -o**2 - 9*o + 10. Let w(n) = 8*n + 17. Let m be w(-3). Determine p(m).
24
Let f = 32 - 27. Let m(a) be the second derivative of -a**3/6 + 5*a**2/2 + a. Give m(f).
0
Suppose -7 = 5*p - 22. Suppose p*c = -3*l + 5*c + 7, -2*c = l - 5. Let x(r) = r - 4. Calculate x(l).
-1
Let t(p) = -p**2 - 6*p + 8. Let u be 4/(-6) + 3 + 84/(-9). Give t(u).
1
Let s(b) be the third derivative of -b**5/60 - b**4/12 + b**3/3 + 7*b**2. Calculate s(-3).
-1
Let m = 29 - 17. Let l = 14 - m. Let w(c) = c**3 - 3*c**2 + c. What is w(l)?
-2
Let v(s) = s**2 + 10*s. Let n(w) = w**2 + 11*w. Let o(j) = 4*n(j) - 5*v(j). Calculate o(-5).
5
Let w(t) = t**3 + 5*t**2 + t + 3. Let z be 184/(-32) + 1 - 1/4. Give w(z).
-2
Let m(a) = -2*a**3 - 3*a**2 + 1. Let r be m(-2). Let w(v) be the third derivative of -v**6/120 + v**5/15 + 5*v**4/24 - v**3/3 + 3*v**2. Give w(r).
-2
Suppose 25 = -5*r - 0*r. Let p be 2/r - (-8)/(-5). Let f(z) = -3*z + 0 + 0 - 1. Calculate f(p).
5
Let s(q) = q**3 + 6*q**2 - 3*q - 7. Let o = 14 + -20. What is s(o)?
11
Let d(f) be the third derivative of f**6/120 - f**5/10 - 5*f**4/12 + f**3/3 + 34*f**2. What is d(7)?
-19
Let q = 0 + 5. Let r(o) = 5*o**3 - 2*o**2 + 10*o. Let i(y) = -14*y**3 + 5*y**2 - 29*y. Let a(m) = -6*i(m) - 17*r(m). Determine a(q).
-5
Let h(t) = -t**3 + 2*t**2 + 7*t - 5. Let j(p) = -5*p - 1. Let o be j(-1). Calculate h(o).
-9
Let g(o) = -6*o + o**2 - 2 + 2 + 5 + 12*o. Calculate g(-4).
-3
Let s(c) = 4*c + 3. Let o be 32/48*2/((-4)/9). Calculate s(o).
-9
Let t(p) = 2*p + 5*p**2 + 9 - 2*p**2 - 2 - p**3 - 2. What is t(4)?
-3
Let z(q) = -q - 2. Let g(f) = 3*f + 7. Let d(h) = 7*h + 14. Let b(x) = -4*d(x) + 9*g(x). Let t be b(7). Suppose t = -p + 2*p. Give z(p).
-2
Suppose 4*y = -y + 5*u - 35, 4*u - 24 = 2*y. Let s(n) be the second derivative of -n**5/10 - n**4/4 + n**2/2 + n - 2. Determine s(y).
5
Suppose 5*j = 9 - 4. Suppose 0 = -d + n - j, 5*d - n - 2*n + 3 = 0. Let c be (d*3/9)/1. Let u(y) = y + 2. Calculate u(c).
2
Suppose 0 = 10*x - 13*x + 6. Let y(n) = 3 - 1 + 5*n - 3*n. What is y(x)?
6
Suppose -2*z + 4 + 2 = 0. Let k(a) = 3*a - 3*a + a**2 + 5*a**z - a. Suppose c + 3*c - 4 = 0. What is k(c)?
5
Let i(s) = -5*s**3 - 4*s**2 + 36*s + 31. Let r(t) = -t**3 - t**2 + 7*t + 6. Let j(q) = -2*i(q) + 11*r(q). Calculate j(-4).
0
Let i(j) be the third derivative of j**4/24 - 8*j**3/3 - 13*j**2 - 1. Give i(12).
-4
Let c(w) = 7 - 6 + w - w + 3*w - 2*w**2. Calculate c(3).
-8
Let b(q) = 3*q - 4. Let w be b(2). Let o(a) = -a**3 + 4*a**2 - 2*a - 1. What is o(w)?
3
Let g = -4 - -6. Suppose 35 = 20*n - 15*n. Let k(i) = -g*i**2 - 2 + 3*i + 0*i**2 - n*i. What is k(-2)?
-2
Let r(m) = -m**3 - 7*m**2 - 6*m + 4. Let i be r(-6). Suppose 0*a + 8 = i*a. Let b(s) = -2*s**2 + 3*s - 1. Determine b(a).
-3
Suppose 22*s + 48 = 14*s. Let o(z) = -2 + z**3 + 7*z**2 - z + 8*z + 0*z**3. What is o(s)?
-8
Let a = -6 + 8. Let k(j) = 0*j**a + 0*j**2 + 5*j**2. Suppose -4*p + q - 3 = 0, -4*p + 1 = -5*q - 0. Calculate k(p).
5
Suppose -5*x + 5 = a + 18, 2*a = -5*x - 11. Let z(m) = -m. Determine z(a).
-2
Let f(k) = -k**3 + 7*k**2 - 4*k - 7. Suppose 0 = 2*v + 3*z + 4 - 13, -2*z = v - 4. Let u be f(v). Let